omposite?
False
Is 10821191 a composite number?
True
Is 3673378 a composite number?
True
Is 444023023 composite?
False
Is 45967613 a prime number?
True
Is 2201363 prime?
False
Is 202142481 prime?
False
Is 1455067 prime?
True
Is 6277493 a prime number?
False
Is 615299 composite?
False
Is 8353087 prime?
False
Is 300733 prime?
True
Is 1388119 a composite number?
True
Is 1967785 composite?
True
Is 13413617 composite?
True
Is 1412020001 a composite number?
True
Is 1849349 a composite number?
False
Is 1549043 prime?
False
Is 49889663 prime?
False
Is 253065349 composite?
True
Is 5799929 a prime number?
True
Is 25152319 a composite number?
False
Is 1796161 a prime number?
False
Is 30744149 prime?
True
Is 27023078 prime?
False
Is 33943351 a composite number?
True
Is 4965197 a prime number?
True
Is 18266363 composite?
False
Is 212562433 composite?
False
Is 381489 prime?
False
Is 5277847 a prime number?
True
Is 6309727 composite?
False
Is 5283781 a prime number?
True
Is 51767321 a composite number?
False
Is 19024877 composite?
True
Is 49707017 prime?
False
Is 3836413 prime?
False
Is 393754363 composite?
False
Is 6715297 composite?
False
Is 41003843 a prime number?
False
Is 139694369 composite?
False
Is 5395483 composite?
False
Is 212786903 a prime number?
False
Is 3403671 composite?
True
Is 892301317 a composite number?
True
Is 3550927 a prime number?
False
Is 140333 prime?
True
Is 381015779 composite?
False
Is 355027 a composite number?
False
Is 595729091 a prime number?
True
Is 16409137 prime?
False
Is 46048741 a prime number?
True
Is 9383351 prime?
True
Is 5634193 a composite number?
False
Is 3742873 a composite number?
True
Is 279854077 prime?
False
Is 22430059 a composite number?
True
Is 21577649 composite?
False
Is 3956449 composite?
True
Is 350091059 composite?
False
Is 54343 prime?
False
Is 11536121 a composite number?
False
Is 3988235 composite?
True
Is 6065249 composite?
False
Is 48649 prime?
True
Is 47453167 a prime number?
False
Is 123605353 a composite number?
False
Is 22145503 composite?
False
Is 63728003 prime?
False
Is 1539371 prime?
False
Is 44013478 a prime number?
False
Is 134459 prime?
False
Is 15104783 a prime number?
True
Is 6952511 composite?
False
Is 86938469 prime?
True
Is 2581421 a prime number?
False
Is 996689 prime?
True
Is 2552549 a prime number?
False
Is 13448621 a prime number?
True
Is 4682893 prime?
False
Is 197416883 a composite number?
False
Is 86555863 a prime number?
False
Is 61310329 a prime number?
True
Is 7924039 a prime number?
True
Is 549977 composite?
False
Is 10326189 a composite number?
True
Is 193165967 prime?
True
Is 8370993 prime?
False
Is 1766351 composite?
True
Is 13751843 a prime number?
False
Is 4399951 composite?
True
Is 336811 prime?
False
Is 109372499 composite?
False
Is 271499771 a prime number?
False
Is 4000907 prime?
True
Is 7783459 composite?
False
Is 110874851 a prime number?
True
Is 3278215 a composite number?
True
Is 616953 a composite number?
True
Is 149827 a composite number?
False
Is 1866799 a prime number?
False
Is 21989941 a prime number?
True
Is 698759507 a prime number?
True
Is 124527747 composite?
True
Is 459127 a prime number?
True
Is 351593707 a composite number?
True
Is 83221277 composite?
True
Is 8716373 composite?
False
Is 95759011 composite?
True
Is 83072373 a prime number?
False
Is 18432005 prime?
False
Is 194 a prime number?
False
Is 3623779 prime?
False
Is 421737189 a composite number?
True
Is 24614567 prime?
True
Is 7028831 prime?
True
Is 7866121 composite?
True
Is 8761274 prime?
False
Is 1812817 prime?
True
Is 1095779 a composite number?
False
Is 8279689 a prime number?
False
Is 200773693 a prime number?
False
Is 19643557 prime?
True
Is 83505085 a prime number?
False
Is 235949803 a composite number?
False
Is 1009433 prime?
True
Is 68989541 a composite number?
False
Is 806057 a composite number?
True
Is 53017903 composite?
True
Is 3006337 a prime number?
False
Is 96431047 composite?
True
Is 81832757 a prime number?
True
Is 86347507 composite?
True
Is 5080399 prime?
False
Is 581447 prime?
True
Is 1339381 a prime number?
True
Is 5352527 prime?
False
Is 143062555 a prime number?
False
Is 3122267 composite?
True
Is 7947473 a composite number?
True
Is 103800199 composite?
False
Is 46142617 a prime number?
True
Is 45271607 composite?
True
Is 2872957 a prime number?
False
Is 12733759 a composite number?
True
Is 11178697 a composite number?
False
Is 24593449 prime?
True
Is 1397477 a composite number?
False
Is 10881107 a composite number?
True
Is 9810043 a composite number?
True
Is 46999753 a composite number?
False
Is 79976623 a prime number?
True
Is 109997357 a prime number?
False
Is 222653 composite?
True
Is 1140319 composite?
False
Is 47381045 a composite number?
True
Is 27168551 a composite number?
False
Is 2078051 prime?
True
Is 31098173 a composite number?
False
Is 7001509 prime?
False
Is 342974797 a composite number?
True
Is 15151099 composite?
True
Is 318309517 prime?
True
Is 1168184434 prime?
False
Is 68972545 prime?
False
Is 4526931 prime?
False
Is 4087253 prime?
True
Is 12139739 a composite number?
False
Is 292821 a composite number?
True
Is 19166767 a prime number?
False
Is 5950909 prime?
False
Is 1220203 composite?
False
Is 2238683 a composite number?
True
Is 11879501 composite?
False
Is 1699427 prime?
True
Is 6950785 a prime number?
False
Is 187951 a composite number?
False
Is 488914073 a composite number?
True
Is 234518029 composite?
False
Is 27427 composite?
False
Is 317802889 prime?
False
Is 160676393 a composite number?
False
Is 425701 a prime number?
True
Is 17862253 composite?
False
Is 16028743 a prime number?
True
Is 34585589 prime?
False
Is 902873 prime?
True
Is 7000433 a prime number?
False
Is 2998729 a composite number?
False
Is 3494759 a prime number?
False
Is 80073583 prime?
False
Is 339494591 composite?
False
Is 186261421 prime?
True
Is 1816223 a composite number?
True
Is 58733873 a composite number?
True
Is 6663593 composite?
False
Is 418661 a prime number?
False
Is 1682623 composite?
True
Is 3533063 a prime number?
True
Is 254544973 prime?
False
Is 61299443 a prime number?
True
Is 142468531 a composite number?
False
Is 47069579 a prime number?
False
Is 2138897 a prime number?
True
Is 45245649 a composite number?
True
Is 25666691 composite?
True
Is 76630361 composite?
False
Is 69486509 a prime number?
False
Is 1867109 composite?
False
Is 11588935 a prime number?
False
Is 1546423 composite?
False
Is 45411991 a prime number?
True
Is 437447 composite?
True
Is 15540971 prime?
False
Is 36803993 a composite number?
False
Is 2993972147 a prime number?
True
Is 44930131 a prime number?
False
Is 9219841 a composite number?
False
Is 160933 a prime number?
True
Is 10615907 a prime number?
True
Is 3846413 a prime number?
True
Is 63193 a composite number?
True
Is 111575759 a prime number?
False
Is 8040327 a prime number?
False
Is 246517421 a prime number?
False
Is 224075067 a prime number?
False
Is 170322683 prime?
False
Is 126767 a prime number?
False
Is 664897 prime?
False
Is 20474906 composite?
True
Is 53688043 a prime number?
True
Is 22414801 prime?
True
Is 764441 prime?
False
Is 325339 prime?
False
Is 46857851 a prime number?
False
Is 23584217 a composite number?
False
Is 56887357 a composite number?
True
Is 19504193 composite?
True
Is 1546141 a prime number?
True
Is 241099337 a prime number?
True
Is 3441427 a composite number?
True
Is 3832379 prime?
False
Is 52940603 composite?
False
Is 3225647 a prime number?
True
Is 29844415 a prime number?
False
Is 243551102 a prime number?
False
Is 610034 prime?
False
Is 1055881 a prime number?
True
Is 7920091 a composite number?
False
Is 2804983 a prime number?
False
Is 205446491 a prime number?
False
Is 836789 a prime number?
True
Is 113410443 composite?
True
Is 20696041 prime?
False
Is 184782811 prime?
True
Is 246439 a prime number?
True
Is 14722573 a prime number?
True
Is 1988057 a prime number?
True
Is 9144617 composite?
False
Is 3145201 prime?
True
Is 43617641 a composite number?
False
Is 3581897 a prime number?
False
Is 933421 a composite number?
False
Is 378552487 prime?
False
Is 1011763 a composite number?
False
Is 2930819 composite?
False
Is 10832509 a prime number?
True
Is 199796171 prime?
True
Is 162878827 prim